is 1 - 55?
-54
In base 10, what is -129 + -1?
-130
In base 13, what is 5 - -128?
130
In base 5, what is -402 + -10?
-412
In base 16, what is -92a - 5?
-92f
In base 11, what is 3 + -89?
-86
In base 15, what is 4 + -a2?
-9d
In base 4, what is 122 + -3?
113
In base 16, what is 6 + -301?
-2fb
In base 14, what is -94 + -4?
-98
In base 8, what is -1123 + 0?
-1123
In base 6, what is -2 + -1223?
-1225
In base 15, what is 21a + 1?
21b
In base 4, what is -332 + 10?
-322
In base 10, what is -7 + 1?
-6
In base 5, what is -1041 - 212?
-1303
In base 12, what is -66 - 5?
-6b
In base 13, what is 65 + 4?
69
In base 13, what is 5 + -299?
-294
In base 8, what is 2 + 100?
102
In base 11, what is -1474 + 0?
-1474
In base 6, what is 114124 + 5?
114133
In base 15, what is -1 + 1e0e?
1e0d
In base 8, what is -50 + -5?
-55
In base 4, what is 2212 + 1?
2213
In base 11, what is 3 - 89?
-86
In base 4, what is -3 + 10?
1
In base 13, what is 3 + a?
10
In base 7, what is 1643 - -4?
1650
In base 2, what is -1000 + -11?
-1011
In base 13, what is 1 + 38?
39
In base 7, what is 5 - -633?
641
In base 12, what is -1 + 28?
27
In base 7, what is 5 + -1332?
-1324
In base 10, what is -13 + 79?
66
In base 3, what is 20 - 1210?
-1120
In base 2, what is 10001 + -1011110101?
-1011100100
In base 6, what is 255 + 4?
303
In base 15, what is -16 + -1?
-17
In base 6, what is -4 - -10120?
10112
In base 13, what is -199 - -5?
-194
In base 3, what is -20 - -2001?
1211
In base 4, what is -12 + -3201?
-3213
In base 15, what is 5 + 1a5?
1aa
In base 16, what is 9 - 31?
-28
In base 13, what is -6 - -238?
232
In base 12, what is 5 - 621?
-618
In base 13, what is 1a2 + 2?
1a4
In base 2, what is -100 - -10000001?
1111101
In base 15, what is -4 + -968?
-96c
In base 7, what is 0 - -52?
52
In base 9, what is 1 + -556?
-555
In base 16, what is -177 + -3?
-17a
In base 14, what is -13 - 45?
-58
In base 11, what is -6 + 791?
786
In base 13, what is -233c - 5?
-2344
In base 11, what is -7241 + -4?
-7245
In base 2, what is -1000011111 + 101?
-1000011010
In base 7, what is -153 - -4?
-146
In base 15, what is -2 + 13d8?
13d6
In base 3, what is -111101 + -22?
-111200
In base 13, what is -1 + -81?
-82
In base 10, what is -11 - -1?
-10
In base 11, what is -2 + -1a?
-21
In base 6, what is 2 + -240?
-234
In base 16, what is -1 + 51?
50
In base 2, what is -1111000 + -1111?
-10000111
In base 7, what is 1110 + -145?
632
In base 11, what is 48 - -167?
204
In base 9, what is -26 - -62?
35
In base 12, what is -2 - 1b9?
-1bb
In base 10, what is 5 + -217?
-212
In base 11, what is -30 + 9?
-22
In base 8, what is -24 + 15?
-7
In base 3, what is 12 + -222020?
-222001
In base 5, what is 10 + 22?
32
In base 14, what is d + 9?
18
In base 14, what is 2 + 4?
6
In base 13, what is -1275 + -3?
-1278
In base 8, what is 7 - -5?
14
In base 11, what is 165 - -70?
225
In base 3, what is -10 + 12001?
11221
In base 7, what is -2 - -6035?
6033
In base 2, what is -10001001 + 1110011?
-10110
In base 5, what is 12203 - -20?
12223
In base 14, what is b3 + -61?
52
In base 2, what is 10000101100011 + -11?
10000101100000
In base 16, what is -4 + -3e0?
-3e4
In base 10, what is -37 + 1?
-36
In base 12, what is 1 + 82?
83
In base 16, what is f - 79?
-6a
In base 16, what is 67 + 5?
6c
In base 6, what is -442 + -113?
-555
In base 7, what is -1 - -22?
21
In base 8, what is -7 + 21?
12
In base 6, what is -2 - 14540?
-14542
In base 12, what is -309a - -2?
-3098
In base 16, what is 21 - 0?
21
In base 13, what is 387 + 0?
387
In base 6, what is -4 - -324?
320
In base 6, what is -4 + -1414?
-1422
In base 12, what is -1 - 599?
-59a
In base 7, what is -5 - -2326?
2321
In base 2, what is -11001101 - -10000?
-10111101
In base 2, what is 101 + 1101001010?
1101001111
In base 16, what is -18 - 26?
-3e
In base 3, what is 11 - 2222201?
-2222120
In base 4, what is 10 - -33?
103
In base 8, what is 0 - 212?
-212
In base 7, what is -5 - 222?
-230
In base 14, what is 1a + -218?
-1dc
In base 9, what is -3 - -288?
285
In base 4, what is -201 + 10?
-131
In base 3, what is -11 - 10?
-21
In base 9, what is -8 - -514?
505
In base 14, what is 0 + d?
d
In base 15, what is 0 - 2a1?
-2a1
In base 2, what is 10001111 - 1100010?
101101
In base 5, what is -1044 + 1?
-1043
In base 6, what is -25251 + 3?
-25244
In base 15, what is -a + -47c?
-487
In base 5, what is 12 + -22?
-10
In base 13, what is 5 - -6c?
74
In base 8, what is 0 - -1334?
1334
In base 13, what is 107c + -5?
1077
In base 16, what is -6c - a?
-76
In base 5, what is 2104 - 1?
2103
In base 10, what is 0 + 259?
259
In base 5, what is -3 - -112?
104
In base 10, what is 4 - -3?
7
In base 15, what is -2 - 310?
-312
In base 15, what is -d73 + -4?
-d77
In base 3, what is 0 + -212?
-212
In base 3, what is 1220 + -211120?
-202200
In base 13, what is 4 + -31?
-2a
In base 11, what is 5 - 182?
-178
In base 3, what is -12 + 1011?
222
In base 11, what is a30 + 2?
a32
In base 2, what is -10100 + 100111?
10011
In base 4, what is 1102 + 130?
1232
In base 9, what is -671 + 0?
-671
In base 12, what is 1a - -8?
26
In base 4, what is 11323 + 10?
11333
In base 6, what is 21 + -15?
2
In base 15, what is -21e - 1e?
-23d
In base 4, what is 3 + 330?
333
In base 7, what is -5 - 146?
-154
In base 3, what is 100 + 2122?
2222
In base 9, what is -22 - -47?
25
In base 12, what is 0 - -637?
637
In base 2, what is -10110000101 + 100?
-10110000001
In base 16, what is -5 - 1e6?
-1eb
In base 3, what is 112200111 - 1?
112200110
In base 7, what is -10 + 3231?
3221
In base 3, what is 1220111 - -1?
1220112
In base 13, what is -117 - -5?
-112
In base 13, what is -6 + a?
4
In base 13, what is c + -707?
-6c8
In base 11, what is 2 - -117?
119
In base 9, what is -5 - -65?
60
In base 13, what is 1 - -198?
199
In base 14, what is 70d - 9?
704
In base 9, what is 4 - 2827?
-2823
In base 5, what is 2 - -10422?
10424
In base 5, what is -11003 - -31?
-10422
In base 13, what is -47 - -95?
4b
In base 10, what is 6 - 11?
-5
In base 5, what is -14 + -4142?
-4211
In base 3, what is 1020 - -12022?
20112
In base 3, what is 10222 - 12011?
-1012
In base 15, what is -33a + -1?
-33b
In base 15, what is 2e + -39?
-a
In base 16, what is 4c57 - 5?
4c52
In base 7, what is -4 + 0?
-4
In base 6, what is -22423 - -4?
-22415
In base 13, what is 270 - 0?
270
In base 13, what is -104a + -1?
-104b
In base 16, what is -5 - 2d?
-32
In base 14, what is -38 - 2?
-3a
In base 12, what is -572 + -1?
-573
In base 4, what is -22 + 301?
213
In base 16, what is f + b?
1a
In base 12, what is 26 + -152?
-128
In base 4, what is -13 - -232?
213
In base 5, what is 4 + 2144?
2203
In base 15, what is -3c1 + 4?
-3bc
In base 7, what is 5 - -2200?
2205
In base 10, what is 4 - 126?
-122
In base 8, what is 4 - 201?
-175
In base 13, what is -1 + 3c?
3b
In base 8, what is 76 + 3?
101
In base 2, what is -11110001 - 101?
-11110110
In base 7, what is -16311 - 5?
-16316
In base 4, what is 10 + -3300?
-3230
In base 5, what is -2013 + -12?
-2030
In base 8, what is -4374 - 3?
-4377
In base 8, what is -20 - -15?
-3
In base 9, what is -1 + -2?
-3
In base 8, what is -2426 - 5?
-2433
In base 8, what is 12 + -5?
5
In base 4, what is 20 + -10002?
-3322
In base 2, what is 1010 + 10010010?
10011100
In base 3, what is 200 + 12222?
20122
In base 10, what is 4 + -4516?
-4512
In base 8, what is -17 - -15?
-2
In base 2, what is -10111001 + -10001?
-11001010
In base 11, what is 3961 - -2?
3963
In base 6, what is -131 + -2?
-133
In base 8, what is -3 + -724?
-727
In base 12, what is -2 + -796?
-798
In base 3, what is -21211 + -10?
-21221
In base 10, what is -4 + 494?
490
In base 5, what is 22 - -121?
143
In base 7, what is -3 + 6446?
6443
In base 3, what is 20 + 2221011?
2221101
In base 6, what is 23 + 3154?
3221
In base 16, what is 27 + -e?
19
In base 13, what is -2564 - 6?
-256a
In base 6, what is -13 + -55?
-112
In base 12, what is -17 - 1a0?
-1b7
In base 13, what is 2 + 18?
1a
In base 13, what is 2 - 179a?
-1798
In base 2, what is 10100010 - 11?
10011111
In base 6, what is -2 - 12550?
-12552
In base 2, what is -11 + 101110?
101011
In base 12, what is 0 - 87?
-87
In base 2, what is -10001111001 + 100?
-10001110101
In base 8, what is -2717 + -13?
-2732
In base 9, what is 13 + -20?
-6
In base 11, what is 4a + -140?
-a1
In base 14, what is -53